{"id":2080,"date":"2018-10-16T23:31:29","date_gmt":"2018-10-16T21:31:29","guid":{"rendered":"http:\/\/jkmgryf.stronazen.pl\/gryf\/?page_id=2080"},"modified":"2018-10-18T22:17:58","modified_gmt":"2018-10-18T20:17:58","slug":"misja-i-wizja-jkm-gryf","status":"publish","type":"page","link":"http:\/\/jkmgryf.stronazen.pl\/gryf\/misja-i-wizja-jkm-gryf\/","title":{"rendered":"MISJA I WIZJA JKM \u201eGRYF\u201c"},"content":{"rendered":"<p style=\"padding-left: 30px;\"><div class=\"su-divider su-divider-style-default\" style=\"margin:15px 0;border-width:3px;border-color:#d9a60b\"><\/div>\n<p style=\"padding-left: 30px;\"><div class=\"su-spacer\" style=\"height:30px\"><\/div>\n<p style=\"text-align: left; padding-left: 30px;\"><strong>Co to jest i po co ta misja?<\/strong><\/p>\n<p style=\"text-align: left; padding-left: 30px;\">Misja stanowi nadrz\u0119dny uk\u0142ad odniesienia, kt\u00f3ry pozwala wyznacza\u0107 cele, okre\u015bla\u0107 ramy czasowe ich realizacji, a tak\u017ce nasze aspiracje jako stowarzyszenia. Deklaracja misji informuje o charakterze naszego Klubu, wyznacza jego to\u017csamo\u015b\u0107, przedstawia istot\u0119 prowadzonej dzia\u0142alno\u015bci, musi \u0142\u0105czy\u0107 si\u0119 z wizj\u0105 dalszego rozwoju.<\/p>\n<p style=\"text-align: left; padding-left: 30px;\"><strong><em>Kto nie wie do jakiego portu chce przyby\u0107, dla tego \u017caden wiatr nie b\u0119dzie dobry.<\/em><\/strong><br \/>\n<strong>(Seneka)<\/strong><\/p>\n<p style=\"text-align: left; padding-left: 30px;\"><span style=\"color: #109fd3;\"><strong>DEKLARACJA MISJI<\/strong><\/span><\/p>\n<p style=\"text-align: left; padding-left: 30px;\">JKM GRYF jest klubem \u017ceglarskim istniej\u0105cym od roku 1928. Naszym g\u0142\u00f3wnym celem jest osi\u0105gni\u0119cie pozycji jednego z najlepszych klub\u00f3w \u017ceglarskich w kraju, uprawiaj\u0105cych \u017ceglarstwo morskie. Sk\u0142ania nas do tego ponad 80-letnia tradycja, jak te\u017c aktualnie prowadzona dzia\u0142alno\u015b\u0107. Mamy po temu wszelkie niezb\u0119dne warunki, najlepsz\u0105 w kraju lokalizacj\u0119, kadr\u0119 z ogromnym do\u015bwiadczeniem oraz baz\u0119 sprz\u0119tow\u0105. <strong>Wierzymy, \u017ce \u017ceglarstwo jest nadal jednym z najlepszych sposob\u00f3w kszta\u0142towania charakteru, co nie straci\u0142o niczego z aktualno\u015bci w dzisiejszych czasach.<\/strong> <strong>Uwa\u017camy, \u017ce niesie ono zdecydowanie ponadczasowe i uniwersalne warto\u015bci.<\/strong> Klub powstawa\u0142 w Gdyni, zatem wsp\u00f3\u0142praca z miastem jest nasz\u0105 sta\u0142\u0105 i siln\u0105 deklaracj\u0105 wsp\u00f3lnych dzia\u0142a\u0144 dla harmonijnego rozwoju lokalnych spo\u0142eczno\u015bci. Pragniemy by\u0107\u00a0postrzegani, jako wa\u017cny partner w dalszym kszta\u0142towaniu naszego najbli\u017cszego otoczenia. Taki jest te\u017c sens naszego dzia\u0142ania. Od zawsze byli\u015bmy i jeste\u015bmy otwarci na wszystkie \u015brodowiska zainteresowane \u017ceglarstwem morskim, co, jak wierzymy, stanowi nasz\u0105 dodatkow\u0105 warto\u015b\u0107. Zainteresowanie nap\u0142ywem nowych cz\u0142onk\u00f3w jest jednym z klubowych priorytet\u00f3w &#8211; chcemy przybli\u017ca\u0107 nieznane i zaciekawia\u0107 tym co le\u017cy za horyzontem.<\/p>\n<p style=\"text-align: left; padding-left: 30px;\">Misja, to tak\u017ce wizja przysz\u0142o\u015bci Klubu przedstawiona tak, aby zosta\u0142a zrozumiana przez wszystkich cz\u0142onk\u00f3w JKM GRYF, tak by mogli si\u0119 z ni\u0105 uto\u017csamia\u0107. Powinna wsp\u00f3\u0142gra\u0107 z wyobra\u017ceniami i nadziejami nas wszystkich.<\/p>\n<p style=\"padding-left: 30px;\"><img loading=\"lazy\" class=\"wp-image-2081 alignleft\" src=\"http:\/\/jkmgryf.stronazen.pl\/gryf\/wp-content\/uploads\/2018\/10\/CSPI8014-683x1024.jpg\" alt=\"\" width=\"468\" height=\"701\" srcset=\"http:\/\/jkmgryf.stronazen.pl\/gryf\/wp-content\/uploads\/2018\/10\/CSPI8014-683x1024.jpg 683w, http:\/\/jkmgryf.stronazen.pl\/gryf\/wp-content\/uploads\/2018\/10\/CSPI8014-200x300.jpg 200w, http:\/\/jkmgryf.stronazen.pl\/gryf\/wp-content\/uploads\/2018\/10\/CSPI8014-768x1152.jpg 768w, http:\/\/jkmgryf.stronazen.pl\/gryf\/wp-content\/uploads\/2018\/10\/CSPI8014.jpg 1000w\" sizes=\"(max-width: 468px) 100vw, 468px\" \/><strong>Po prostu tak jest, \u017ce kiedy plany na przysz\u0142o\u015b\u0107 s\u0105 jasno okre\u015blone, ambitne, interesuj\u0105ce, to znacznie \u0142atwiej przyst\u0119pujemy do dzia\u0142ania.<\/strong><\/p>\n<p style=\"text-align: left; padding-left: 30px;\"><span style=\"color: #109fd3;\"><strong>WIZJA<\/strong><\/span><\/p>\n<p style=\"text-align: left; padding-left: 30px;\">Konieczno\u015b\u0107 zabezpieczenia potrzeb finansowych Klubu wymaga od nas opracowania w\u0142a\u015bciwej strategii pozyskiwania niezb\u0119dnych \u015brodk\u00f3w, stosownie do prowadzonej dzia\u0142alno\u015bci oraz konkretnych plan\u00f3w dalszego rozwoju. Wykorzystujmy w pe\u0142ni mo\u017cliwo\u015bci zwi\u0105zana z rozwojem us\u0142ug w obszarach w\u0142a\u015bciwych dla \u017ceglarstwa.\u00a0Podejmujmy aktywne dzia\u0142anie w celu znalezienia i zainteresowania sponsor\u00f3w.<\/p>\n<p>Priorytety, kt\u00f3re powinny nam przy\u015bwieca\u0107 to:<\/p>\n<p style=\"text-align: left; padding-left: 30px;\">a. Konsekwentna budowa sp\u00f3jnego wizerunku Klubu, poprzez dba\u0142o\u015b\u0107 o wszystkie czynniki maj\u0105ce wp\u0142yw na jego postrzeganie i czyteln\u0105 identyfikacj\u0119. JKM GRYF b\u0119dzie jednym z najbardziej rozpoznawalnych klub\u00f3w w Polsce i zagranic\u0105.<\/p>\n<p style=\"text-align: left; padding-left: 30px;\">b. Osi\u0105gni\u0119cie wysokiej pozycji w kraju w zakresie szkole\u0144 \u017ceglarskich oraz instruktorskich wraz z ich profesjonalizacj\u0105. Promocja p\u0142ywa\u0144 morskich m.in. poprzez dynamiczny rozw\u00f3j bazy sprz\u0119towej, pozyskanie nowych jednostek.<\/p>\n<p style=\"text-align: left; padding-left: 30px;\">c. Planowanie i realizacja rejs\u00f3w po atrakcyjnych wodach Europy Zachodniej oraz Po\u0142udniowej.<\/p>\n<p style=\"text-align: left; padding-left: 30px;\">d. Organizacja i rozw\u00f3j w\u0142asnych imprez sportowych oraz integracyjnych wraz z ich szerok\u0105 promocj\u0105 na terenie kraju i za granic\u0105.<\/p>\n<p style=\"text-align: left; padding-left: 30px;\">e. Integracja spo\u0142eczno\u015bci \u017ceglarskiej wok\u00f3\u0142 Klubu poprzez programowe organizowanie cyklicznych spotka\u0144 oraz adaptacj\u0119 posiadanego lokalu dla potrzeb Klubu.<\/p>\n<p style=\"text-align: left; padding-left: 30px;\">f. Poprawa organizacji i wsp\u00f3\u0142pracy z klubowiczami ze szczeg\u00f3lnym uwzgl\u0119dnieniem nowych cz\u0142onk\u00f3w.<\/p>\n<p style=\"text-align: left; padding-left: 30px;\">g. Wsp\u00f3\u0142praca z prywatnymi armatorami w procesie organizacji szkole\u0144 i innych istotnych potrzeb Klubu.<\/p>\n<p style=\"text-align: left; padding-left: 30px;\">Wymienione elementy powinny by\u0107 postrzegane jako sposoby na szeroko poj\u0119te polepszenie oraz zintensyfikowanie dzia\u0142alno\u015bci Klubu, a co niezmiernie wa\u017cne, na zapewnienie efektywnego dzia\u0142ania naszego \u015brodowiska w przysz\u0142o\u015bci.<\/p>\n<p style=\"text-align: right;\"><img loading=\"lazy\" class=\"size-full wp-image-2107 aligncenter\" src=\"http:\/\/jkmgryf.stronazen.pl\/gryf\/wp-content\/uploads\/2018\/10\/logo_klasyczne.png\" alt=\"\" width=\"161\" height=\"160\" srcset=\"http:\/\/jkmgryf.stronazen.pl\/gryf\/wp-content\/uploads\/2018\/10\/logo_klasyczne.png 161w, http:\/\/jkmgryf.stronazen.pl\/gryf\/wp-content\/uploads\/2018\/10\/logo_klasyczne-150x150.png 150w\" sizes=\"(max-width: 161px) 100vw, 161px\" \/><em>Jerzy Turzy\u0144ski,\u00a0<\/em><em><br \/>\nGdynia 25 lutego 2011 r.<\/em><\/p>\n<p>&nbsp;<\/p>\n<div class=\"su-button-center\"><a href=\"http:\/\/jkmgryf.stronazen.pl\/gryf\/\" class=\"su-button su-button-style-flat\" style=\"color:#FFFFFF;background-color:#109fd3 ;border-color:#109fd3 ;border-radius:0px;-moz-border-radius:0px;-webkit-border-radius:0px\" target=\"_self\"><span style=\"color:#FFFFFF;padding:0px 22px;font-size:17px;line-height:34px;border-color:#109fd3 ;border-radius:0px;-moz-border-radius:0px;-webkit-border-radius:0px;text-shadow:0px 0px 0px #ffffff;-moz-text-shadow:0px 0px 0px #ffffff;-webkit-text-shadow:0px 0px 0px #ffffff\"> wr\u00f3\u0107<\/span><\/a><\/div>\n","protected":false},"excerpt":{"rendered":"<p>Co to jest i po co ta misja? Misja stanowi nadrz\u0119dny uk\u0142ad odniesienia, kt\u00f3ry pozwala wyznacza\u0107 cele, okre\u015bla\u0107 ramy czasowe ich realizacji, a tak\u017ce nasze aspiracje jako stowarzyszenia. Deklaracja misji informuje o charakterze naszego Klubu, wyznacza jego to\u017csamo\u015b\u0107, przedstawia istot\u0119 prowadzonej dzia\u0142alno\u015bci, musi \u0142\u0105czy\u0107 si\u0119 z wizj\u0105 dalszego rozwoju. Kto nie wie do jakiego portu<br \/><a class=\"moretag\" href=\"http:\/\/jkmgryf.stronazen.pl\/gryf\/misja-i-wizja-jkm-gryf\/\">+ Read More<\/a><\/p>\n","protected":false},"author":1,"featured_media":0,"parent":0,"menu_order":0,"comment_status":"closed","ping_status":"closed","template":"templates\/page-fullwidth_template.php","meta":[],"yoast_head":"<!-- This site is optimized with the Yoast SEO plugin v15.9.2 - https:\/\/yoast.com\/wordpress\/plugins\/seo\/ -->\n<title>MISJA I WIZJA JKM \u201eGRYF\u201c - JKM GRYF<\/title>\n<link rel=\"canonical\" href=\"http:\/\/jkmgryf.stronazen.pl\/gryf\/misja-i-wizja-jkm-gryf\/\" \/>\n<meta property=\"og:locale\" content=\"pl_PL\" \/>\n<meta property=\"og:type\" content=\"article\" \/>\n<meta property=\"og:title\" content=\"MISJA I WIZJA JKM \u201eGRYF\u201c - JKM GRYF\" \/>\n<meta property=\"og:description\" content=\"Co to jest i po co ta misja? Misja stanowi nadrz\u0119dny uk\u0142ad odniesienia, kt\u00f3ry pozwala wyznacza\u0107 cele, okre\u015bla\u0107 ramy czasowe ich realizacji, a tak\u017ce nasze aspiracje jako stowarzyszenia. Deklaracja misji informuje o charakterze naszego Klubu, wyznacza jego to\u017csamo\u015b\u0107, przedstawia istot\u0119 prowadzonej dzia\u0142alno\u015bci, musi \u0142\u0105czy\u0107 si\u0119 z wizj\u0105 dalszego rozwoju. Kto nie wie do jakiego portu+ Read More\" \/>\n<meta property=\"og:url\" content=\"http:\/\/jkmgryf.stronazen.pl\/gryf\/misja-i-wizja-jkm-gryf\/\" \/>\n<meta property=\"og:site_name\" content=\"JKM GRYF\" \/>\n<meta property=\"article:modified_time\" content=\"2018-10-18T20:17:58+00:00\" \/>\n<meta property=\"og:image\" content=\"http:\/\/jkmgryf.stronazen.pl\/gryf\/wp-content\/uploads\/2018\/10\/CSPI8014-683x1024.jpg\" \/>\n<meta name=\"twitter:card\" content=\"summary_large_image\" \/>\n<meta name=\"twitter:label1\" content=\"Est. reading time\">\n\t<meta name=\"twitter:data1\" content=\"3 minuty\">\n<script type=\"application\/ld+json\" class=\"yoast-schema-graph\">{\"@context\":\"https:\/\/schema.org\",\"@graph\":[{\"@type\":\"WebSite\",\"@id\":\"http:\/\/jkmgryf.stronazen.pl\/gryf\/#website\",\"url\":\"http:\/\/jkmgryf.stronazen.pl\/gryf\/\",\"name\":\"JKM GRYF\",\"description\":\"\",\"potentialAction\":[{\"@type\":\"SearchAction\",\"target\":\"http:\/\/jkmgryf.stronazen.pl\/gryf\/?s={search_term_string}\",\"query-input\":\"required name=search_term_string\"}],\"inLanguage\":\"pl-PL\"},{\"@type\":\"ImageObject\",\"@id\":\"http:\/\/jkmgryf.stronazen.pl\/gryf\/misja-i-wizja-jkm-gryf\/#primaryimage\",\"inLanguage\":\"pl-PL\",\"url\":\"http:\/\/jkmgryf.stronazen.pl\/gryf\/wp-content\/uploads\/2018\/10\/CSPI8014.jpg\",\"width\":1000,\"height\":1500},{\"@type\":\"WebPage\",\"@id\":\"http:\/\/jkmgryf.stronazen.pl\/gryf\/misja-i-wizja-jkm-gryf\/#webpage\",\"url\":\"http:\/\/jkmgryf.stronazen.pl\/gryf\/misja-i-wizja-jkm-gryf\/\",\"name\":\"MISJA I WIZJA JKM \\u201eGRYF\\u201c - JKM GRYF\",\"isPartOf\":{\"@id\":\"http:\/\/jkmgryf.stronazen.pl\/gryf\/#website\"},\"primaryImageOfPage\":{\"@id\":\"http:\/\/jkmgryf.stronazen.pl\/gryf\/misja-i-wizja-jkm-gryf\/#primaryimage\"},\"datePublished\":\"2018-10-16T21:31:29+00:00\",\"dateModified\":\"2018-10-18T20:17:58+00:00\",\"breadcrumb\":{\"@id\":\"http:\/\/jkmgryf.stronazen.pl\/gryf\/misja-i-wizja-jkm-gryf\/#breadcrumb\"},\"inLanguage\":\"pl-PL\",\"potentialAction\":[{\"@type\":\"ReadAction\",\"target\":[\"http:\/\/jkmgryf.stronazen.pl\/gryf\/misja-i-wizja-jkm-gryf\/\"]}]},{\"@type\":\"BreadcrumbList\",\"@id\":\"http:\/\/jkmgryf.stronazen.pl\/gryf\/misja-i-wizja-jkm-gryf\/#breadcrumb\",\"itemListElement\":[{\"@type\":\"ListItem\",\"position\":1,\"item\":{\"@type\":\"WebPage\",\"@id\":\"http:\/\/jkmgryf.stronazen.pl\/gryf\/\",\"url\":\"http:\/\/jkmgryf.stronazen.pl\/gryf\/\",\"name\":\"Strona g\\u0142\\u00f3wna\"}},{\"@type\":\"ListItem\",\"position\":2,\"item\":{\"@type\":\"WebPage\",\"@id\":\"http:\/\/jkmgryf.stronazen.pl\/gryf\/misja-i-wizja-jkm-gryf\/\",\"url\":\"http:\/\/jkmgryf.stronazen.pl\/gryf\/misja-i-wizja-jkm-gryf\/\",\"name\":\"MISJA I WIZJA JKM \\u201eGRYF\\u201c\"}}]}]}<\/script>\n<!-- \/ Yoast SEO plugin. -->","_links":{"self":[{"href":"http:\/\/jkmgryf.stronazen.pl\/gryf\/wp-json\/wp\/v2\/pages\/2080"}],"collection":[{"href":"http:\/\/jkmgryf.stronazen.pl\/gryf\/wp-json\/wp\/v2\/pages"}],"about":[{"href":"http:\/\/jkmgryf.stronazen.pl\/gryf\/wp-json\/wp\/v2\/types\/page"}],"author":[{"embeddable":true,"href":"http:\/\/jkmgryf.stronazen.pl\/gryf\/wp-json\/wp\/v2\/users\/1"}],"replies":[{"embeddable":true,"href":"http:\/\/jkmgryf.stronazen.pl\/gryf\/wp-json\/wp\/v2\/comments?post=2080"}],"version-history":[{"count":28,"href":"http:\/\/jkmgryf.stronazen.pl\/gryf\/wp-json\/wp\/v2\/pages\/2080\/revisions"}],"predecessor-version":[{"id":2091,"href":"http:\/\/jkmgryf.stronazen.pl\/gryf\/wp-json\/wp\/v2\/pages\/2080\/revisions\/2091"}],"wp:attachment":[{"href":"http:\/\/jkmgryf.stronazen.pl\/gryf\/wp-json\/wp\/v2\/media?parent=2080"}],"curies":[{"name":"wp","href":"https:\/\/api.w.org\/{rel}","templated":true}]}}